of 2646 and x.
54
Let i(d) = 2*d + 53. Let u be i(14). Suppose -y = u - 326. What is the highest common factor of y and 35?
35
Let p = -104 - -131. Calculate the highest common divisor of 60 and p.
3
Suppose -159*j + 5553 = -87*j - 2511. What is the highest common factor of 66 and j?
2
Let l = 18 - 5. Suppose -l*n + 26 = -91. Calculate the highest common divisor of 72 and n.
9
Suppose 4*t + 68*l - 70*l = 2130, -t = -2*l - 546. Calculate the highest common divisor of t and 3312.
48
Suppose -3*h + 912 = -1425. Let u = -3272 + 3291. What is the greatest common divisor of u and h?
19
Suppose s + 133*w - 135*w - 17 = 0, s = 3*w + 18. What is the highest common factor of 385 and s?
5
Let i(d) = d**3 - 22*d**2 - 6*d + 53. Let j be i(22). Let k = j - -81. Calculate the highest common divisor of k and 23.
1
Let r(b) = -2*b**3 + 51*b**2 + 404*b - 9. Let x be r(-7). What is the greatest common divisor of 516 and x?
12
Let y be (50 - 2) + -1 + 1. Let n(m) = 4*m - 12. Let i be n(6). What is the highest common divisor of i and y?
12
Let y = -151 + 200. Suppose y = r + 5*z - 16, 0 = 2*z - 8. Calculate the greatest common factor of r and 585.
45
Let h(u) = -778*u + 8758. Let t be h(11). What is the highest common factor of 37800 and t?
200
Let g = -20 - -95. Suppose g = -2*k + 103. Suppose -z = -2*q - 150, z + q = -3*z + 618. Calculate the highest common divisor of k and z.
14
Let q be (-124)/(-10) + -13 - (-20046)/10. Calculate the highest common divisor of q and 12.
12
Let n(c) = -2*c**2 - 53*c + 380. Let g be n(-32). What is the greatest common factor of g and 4844?
28
Suppose -5*k + 4*l = -1095, 29 = k - 3*l - 201. What is the highest common divisor of 5 and k?
5
Let k = -365 + 340. Let t = k + 90. What is the greatest common factor of t and 20?
5
Suppose -7395 - 10845 = 2*x - 17*x. What is the greatest common divisor of x and 418?
38
Let h be (-2)/3 + (-244)/(-6). Suppose 2*a - 1 = g, -g = 71*a - 76*a + 10. Let y be (-21)/(-1)*a + (6 - 9). What is the greatest common factor of y and h?
20
Let z = 7 - -61. Let s(i) be the first derivative of 69*i**2/2 - 243*i + 279. Let c be s(5). Calculate the greatest common factor of z and c.
34
Let b(q) = q**2 + 4*q - 9. Suppose -35*c + 38*c + 84 = 0. Let s = c - -22. Let d be b(s). What is the greatest common divisor of 21 and d?
3
Let n be -5*((-312)/15 - -4). Suppose 20 = -2*g + 7*g. Suppose 5*b - 19 - 85 = -g*c, -c - 3*b = -33. Calculate the greatest common factor of c and n.
21
Let t be (21/(-14) - -8)*(-2 - 0). Let k(z) = 4*z**2 + 51*z - 10. Let y be k(t). What is the highest common divisor of 7 and y?
1
Let l(a) = 2*a**2 + 8*a + 14. Suppose 17*t - 2 + 87 = 0. Let z be l(t). Calculate the greatest common divisor of 8 and z.
8
Let z = -3114 + 5364. What is the highest common divisor of z and 90?
90
Suppose 5*r + 17*q - 4 = 16*q, -4*r + 4*q = -8. Let x be 18*((-36)/54)/(r/(-3)). Calculate the greatest common divisor of x and 234.
18
Let n be (-1)/(-1) - 4 - -136. Calculate the greatest common divisor of n and 3857.
133
Suppose -20*x = 158*x - 6942. Calculate the highest common factor of 3471 and x.
39
Suppose 156 = u + y, 5*u + y - 462 = 2*u. Let f(j) = -j**2 + 8*j + 1. Suppose -2*q - 4 = -3*q. Let o be f(q). What is the highest common divisor of o and u?
17
Suppose 10*m - 8*m - 78 = 0. Suppose 60 = 5*l - 135. Calculate the greatest common factor of l and m.
39
Let l = 27 - 19. Suppose 719 = l*b - 545. Suppose c = 4*n - b, 0 = -4*n + 3*c - 44 + 198. What is the highest common divisor of 10 and n?
10
Suppose -4 = -2*n + 6. Suppose -3*f - 15 = 0, 6*f + 689 = 4*y + n*f. Let s(z) = -z + 26. Let i be s(7). Calculate the greatest common divisor of i and y.
19
Let q = 3544 + -1718. What is the highest common divisor of 664 and q?
166
Let i be (-714)/(4 - 10)*2/7. Let u be 74/4*(2 + 0). Suppose 3*w = -3, u - 171 = -2*c - 2*w. What is the greatest common divisor of c and i?
34
Let r = 7577 + -7412. Calculate the greatest common divisor of r and 75.
15
Let y = 2658 + -2562. Calculate the highest common factor of 800 and y.
32
Let j(m) = 17*m + 12. Let q(k) = 8*k + 6. Let t(s) = 2*j(s) - 5*q(s). Let o be t(-10). Let a = 16 + o. What is the greatest common divisor of 10 and a?
10
Suppose 32*n - 28*n = 2*h + 256, 4*n - 5*h - 262 = 0. What is the greatest common factor of 7161 and n?
21
Suppose 9*n - x = 12*n - 8429, -11234 = -4*n - 2*x. What is the highest common factor of 684 and n?
76
Let l(n) = n**2 + 9*n - 12. Let f be l(-11). Suppose 536 = 13*y + 81. Let u = 60 - y. Calculate the greatest common divisor of u and f.
5
Let y(s) = -s**3 - 16*s**2 - 19*s - 20. Let l be 6*(11 + -11 - 10/4). Let m be y(l). What is the highest common factor of m and 160?
40
Suppose t = -c + 50 + 5, -2*c + t + 89 = 0. What is the greatest common divisor of c and 168?
24
Let j(p) = -24*p + 672. Let b be j(7). What is the highest common factor of b and 216?
72
Suppose 3*w + 0 = 2*w + 1. Calculate the greatest common divisor of w and 509.
1
Suppose 4*u = u + 15. Suppose -u*y = 0, 4*x = 7*x + 2*y - 240. Calculate the highest common factor of 64 and x.
16
Suppose 321*u = 340*u - 228. Calculate the highest common divisor of 222 and u.
6
Let q = -4054 - -6628. Calculate the greatest common divisor of q and 108.
18
Suppose 13*m + 864 = 22*m. Suppose -89*z - 231 = -m*z. What is the greatest common factor of 3 and z?
3
Suppose 0 = -13*j + 14*j - 21. Let q be (-585)/25*(0 + 5) - -3. Let b = q - -128. What is the highest common factor of b and j?
7
Let d(g) = 7*g - 38. Let m be d(10). Let i be -3 + 8 + (-153)/36*-12. What is the greatest common factor of i and m?
8
Let d(w) = -w**2 - 16*w - 383. Let b be d(0). Let s = 392 + b. What is the greatest common factor of 36 and s?
9
Let a = 19421 + -14705. Calculate the greatest common factor of a and 36.
36
Let r = -13961 + 23477. Calculate the greatest common factor of 12 and r.
12
Let v(i) = i**3 - 8*i**2 - 8*i + 1. Let o be v(9). Suppose -z + 6*z - 55 = 0. Suppose 189 = 5*q - z. Calculate the highest common factor of o and q.
10
Let s = -214 - -221. Suppose -3*i + 160 = s*i. Suppose 2*z = 0, 0*z = a + z - 176. Calculate the highest common factor of i and a.
16
Suppose -3*h = -5*p - 0*h + 67, p = -h + 7. Let g(q) = -9*q - p + 4*q - q. Let v be g(-4). What is the greatest common divisor of v and 169?
13
Let y = 16 - 9. Let i(u) = 4*u - 4. Let r be i(y). Let m be (-9530)/(-50) + 14/10. What is the greatest common factor of r and m?
24
Let s(u) = -5*u**3 + 11*u**2 - 15*u - 52. Let o be s(-8). Calculate the greatest common factor of o and 147.
49
Let z = 283 + -285. Let t be -1*(z + 0)*(-21)/(-2). Let x(i) = 8*i**2 + 5*i - 3. Let b be x(3). What is the highest common factor of t and b?
21
Let j(h) = h**3 - 19*h**2 - 11*h - 8. Let v be j(20). Suppose 513 = 11*z + v. Calculate the highest common divisor of 713 and z.
31
Suppose -519*w + 694552 = 134275 - 1500672. Calculate the greatest common factor of 95 and w.
19
Let x(q) = 654*q**2 + 197*q + 16. Let f be x(10). Calculate the highest common divisor of f and 66.
66
Suppose -54*w - 3857 = -73*w. What is the highest common factor of 7 and w?
7
Suppose -39*v + 1440 = -37*v. Suppose 16 = 8*i - 4*i. Suppose n + i*n = v. What is the greatest common factor of 18 and n?
18
Let m(q) = -344*q**2 + 6935*q - 6. Let p be m(18). Calculate the highest common factor of p and 24.
24
Suppose 0 = -3*q + 1314 + 1542. Calculate the highest common divisor of 112 and q.
56
Let s = 231 - 216. Let a(c) = c**2 + 25*c + 99. Let q be a(-4). Calculate the greatest common factor of s and q.
15
Let h = -46 - -50. Let p be (-8 + 5 - -2) + h. Suppose -k = 2*u + p*k - 118, -5*k = -u + 31. What is the highest common divisor of 459 and u?
51
Let p = -60 - -256. Suppose 0*s + 4*q = -3*s + p, -5*s + 4*q + 380 = 0. Let o = s - -27. Calculate the highest common factor of o and 9.
9
Let l(b) = -b**2 + 8*b + 23. Let m be l(10). Suppose -7*f = -m*f - 744. Suppose f = 9*k - 102. What is the greatest common factor of 4 and k?
4
Suppose 2*c = u + 411, -21*u - 1038 = -5*c - 22*u. What is the greatest common divisor of c and 552?
69
Suppose -9*z = -11*z + 200. Let f be 2622/21 + 7/49. Calculate the highest common factor of z and f.
25
Let g be 16142/46 + (-2280)/230 + 10. Calculate the highest common divisor 